isor of g and 900?
12
Suppose -312 = 5*b - 42. Let g be 2/(-9) + 96/b. Let m be g*(76/8)/(-1). Calculate the greatest common factor of m and 171.
19
Let i = 0 + -23. Let k = i - -63. What is the greatest common divisor of 10 and k?
10
Let c(p) = -p**3 + 7*p**2 - 5*p + 120. Let s be c(8). Calculate the greatest common factor of 880 and s.
16
Let g be ((24/(-7))/(-2))/(68/5236). Let r = -58 + g. Let x be 2*((-666)/(-4))/3. What is the highest common divisor of x and r?
37
Let c = -169 + 277. Calculate the greatest common divisor of 81 and c.
27
Let h(g) = 2*g**2 - 8*g + 3. Let c be h(5). Suppose s - 4*x - c = 0, -s - x + 45 - 7 = 0. Calculate the greatest common factor of s and 3.
3
Let z(w) = 4*w**2 - 2*w - 3. Let c(m) = m**3 - 8*m**2 + 3*m - 21. Let p be c(8). Let d be z(p). Calculate the highest common divisor of d and 3.
3
Let v = -168 + 317. Suppose 0 = 4*h - 31 - v. What is the highest common factor of 5 and h?
5
Suppose 7*o - 3457 - 3144 = 0. What is the greatest common factor of 23 and o?
23
Let u be (276/(-230))/((-4)/70). Suppose h - 6*h = -10. Suppose 2*l + h*f - 24 = 0, 3*l - 3*f - 32 = -8*f. What is the greatest common factor of u and l?
7
Suppose -3*r + 1346 = 464. What is the greatest common divisor of 42 and r?
42
Suppose -6*u + 400 = -2*u. Suppose -2*l = 3*l - u. Calculate the greatest common factor of l and 80.
20
Let y be -2*1/2*12. Let w be (11*6)/(18/y). Let n = w - -149. What is the highest common factor of n and 15?
15
Let p(l) = -5*l + 138. Let w be p(6). Calculate the highest common divisor of 36 and w.
36
Let k be 8 - ((0 - 3) + 3). Suppose k*i = 9*i - 5. Suppose -i*z + 239 = 59. Calculate the greatest common divisor of 54 and z.
18
Let g(y) = y**3 + 3*y**2 + 14*y - 3. Let b be g(7). What is the highest common factor of 90 and b?
45
Let d = 24 + -7. Let b(y) = -203*y. Let p be b(-1). Suppose -2*t = -p - 103. Calculate the greatest common factor of t and d.
17
Suppose -2*s = 5*h - 673, 2*s + 223 = -3*h + 626. What is the highest common divisor of h and 2295?
135
Let f = -42 - -81. Calculate the highest common factor of 52 and f.
13
Suppose -35 = 2*g - 1137. What is the greatest common factor of g and 19?
19
Suppose k - 125 = -5*s, s = 3*s - 6. What is the greatest common factor of 66 and k?
22
Let j = -66 + 71. Suppose -6*c + 65 - j = 0. Let s = 28 - 3. Calculate the highest common factor of s and c.
5
Let q = -497 - -1032. What is the greatest common factor of q and 5?
5
Suppose 3*r + i - 93 = -2*i, 5*r + i = 139. What is the highest common factor of 189 and r?
27
Suppose 1487 = 8*b - 81. Calculate the highest common factor of b and 147.
49
Let a be (-5 - -2) + 4 + -1. Let v be 2 + -5 - (-21 + a). Suppose -4*x + v + 86 = 0. Calculate the highest common divisor of 65 and x.
13
Let n(g) = -g**2 - 3*g + 2. Let v be n(-2). Suppose -v*l + 2*a = -38, -5*a + 58 = 4*l - 3*a. What is the highest common factor of l and 48?
12
Suppose x + 59*a - 58*a - 38 = 0, 5*x - 2*a = 204. Calculate the greatest common factor of 24 and x.
8
Suppose -3*l = 2*l - 15. Suppose l*n = 372 + 513. Let c = n - 211. What is the greatest common factor of 12 and c?
12
Suppose 0 = -6*j + 954 + 510. What is the highest common divisor of 183 and j?
61
Suppose 732 = 2*h + 2*h - 2*b, 8 = 2*b. What is the highest common divisor of h and 74?
37
Let v = 73 - 48. Let q = -6 + 81. Calculate the highest common divisor of v and q.
25
Let s = -12 - -17. Suppose s = 6*w - 79. Suppose -r + 0*r + 2 = 0. What is the highest common factor of w and r?
2
Suppose 0 = -5*g + 3*g + 8, 441 = 5*z + 4*g. Let h be 2/(-4) + z/2. What is the highest common factor of 462 and h?
42
Let w(g) be the second derivative of g**3/2 + 7*g**2 + 2*g. Let x be w(7). Let l be ((-150)/x)/(2/(-14)). Calculate the greatest common divisor of l and 45.
15
Let u = -3 - -5. Suppose 0 = -u*z + 10, 0 = -2*n - 4*z + 22 + 142. Calculate the highest common factor of n and 18.
18
Let x be (14/(-21))/(5/(-6555)). Calculate the highest common factor of 266 and x.
38
Let m be 4 - 2*(-3 - 3). Suppose -3*i - 1 = -i + t, 4*t + m = -2*i. Let n be (0 - i) + 9 + 22. Calculate the greatest common factor of 203 and n.
29
Suppose -10654 = -22*f - 2338. Calculate the highest common factor of 112 and f.
14
Let u = 6 + 0. Let m(w) be the first derivative of w**2 + 22*w - 2. Let t be m(-9). What is the greatest common factor of t and u?
2
Let q be -13 + 19 + -7 + 1*19. Calculate the greatest common factor of 135 and q.
9
Let f(u) = 13*u. Let a be f(-1). Let d = 21 + a. What is the highest common divisor of d and 4?
4
Let a be ((-1)/(-2))/(1/6). Suppose 0 = 3*d - 2*d + 4*b - 133, a*d - b = 438. Let i be (145/30)/((-2)/(-12)). Calculate the highest common divisor of i and d.
29
Suppose 0 = 4*z + 2*q - 6 - 4, q = 1. Let y be 11/6 - 3/(-18). Suppose -b + 0*m = -z*m - 125, -m - 262 = -y*b. What is the greatest common factor of b and 19?
19
Suppose n + 10 = 14. Let f be (n/(-6))/(-2)*6. Suppose 8*t - 54 = f*t. Calculate the greatest common factor of 72 and t.
9
Let r(u) = -u**3 - 4*u**2 - 1. Let h be r(-6). Let i = 127 - h. Suppose -a - 14 = -3*a. What is the highest common divisor of a and i?
7
Suppose 2*t - 50*l + 49*l - 671 = 0, 0 = 5*t + 4*l - 1645. Calculate the greatest common divisor of t and 6.
3
Let o(i) = i**3 + 22*i**2 - 48*i + 24. Let y be o(-24). Calculate the highest common factor of 24 and y.
24
Suppose -7*h + 255 + 4 = 0. Suppose z - 4*z - 2*f = -h, -5*z - f = -50. What is the highest common divisor of z and 27?
9
Suppose -15 = -i - 2*i. Suppose -3*g = d - 51, i*d + 52 + 13 = 5*g. What is the greatest common divisor of 12 and g?
4
Let h be (-81)/(-18)*4/6. Suppose -x = -5*a + 9 + 4, h*x + 2*a - 29 = 0. What is the greatest common divisor of 14 and x?
7
Let j be 30/14 + (-1)/7. Suppose -5*g - 51 + 256 = 5*r, 2*r - j*g - 98 = 0. What is the greatest common factor of 9 and r?
9
Let j(l) = l**2 + 6*l - 14. Suppose 0 = -4*q + 20, 5*x - 4*q - 27 = -87. Let y be j(x). Suppose 0 = b - y*b + 5. What is the highest common divisor of 5 and b?
5
Let d = 39 - 18. Suppose 0 = -17*y + d*y - 8. What is the greatest common divisor of y and 8?
2
Let g = 183 + -127. Suppose 2*m - g = 4*l - 2*l, -24 = l - 3*m. Let n = -24 - l. What is the highest common factor of n and 4?
2
Suppose -88 = q + 3*q. Let j = q + 42. Let i be ((-4)/(-8) + 0/8)*60. What is the greatest common factor of j and i?
10
Suppose -8 = -26*k + 25*k + 2*t, 3*t - 9 = -2*k. What is the greatest common divisor of k and 273?
3
Suppose 0 = -i - 4, 4*i = -4*r - 0*r - 36. Let y be r/20*-4 + 31. What is the greatest common divisor of 48 and y?
16
Suppose -15*q - 131 + 161 = 0. Calculate the highest common divisor of q and 74.
2
Let f(j) = -j**3 - 101. Let r be f(0). Let t = 3 - 1. Let a be 0 + (-2 - t*r). What is the highest common divisor of 20 and a?
20
Suppose 0 = -3*i + 5*c + 54, -4*i - c + 72 = c. Let d(p) = -2*p**2 - 9*p + 14. Let k be d(-5). Calculate the greatest common factor of i and k.
9
Let o = -1668 - -1678. What is the greatest common factor of 290 and o?
10
Let x = 1417 - 481. What is the highest common factor of x and 18?
18
Let t = -55 + 43. Let k be 63/t*(2 - (-138)/(-9)). Calculate the highest common factor of k and 10.
10
Suppose 32*w = 1346 - 194. Suppose 5*g - 6*g + 180 = 0. What is the highest common divisor of g and w?
36
Let s = 74 - 186. Let l = s - -232. Calculate the highest common divisor of 15 and l.
15
Let v(w) = 4*w + 5 + 4*w**2 - 2*w + 0*w. Suppose 2*i + 2*p + 0 = -14, i + 5*p + 15 = 0. Let q be v(i). Calculate the highest common factor of 38 and q.
19
Let v be 1/7 - 1552/(-112). Calculate the highest common divisor of 217 and v.
7
Let m = 27 + -1. Suppose -4*p - 38 = -2*n, -4*n + 5 = -3*p - 56. Calculate the highest common factor of n and m.
13
Suppose 5*k - 3*s = 67, 5*k - 5*s = 32 + 33. Suppose 3*q - n + k = 210, 4*n + 264 = 4*q. What is the highest common divisor of q and 26?
13
Let m(i) = i**3 - 10*i**2 - i + 26. Let p be m(11). Let s be p + 0 - -1 - -3. What is the greatest common factor of 28 and s?
28
Suppose 4*g - b = -49, 2*g + 13 + 19 = -2*b. Let y = 19 - g. Let i be 4/(-16)*-4 + y. What is the highest common divisor of 22 and i?
11
Suppose 7*k - 8276 = 6109. Calculate the highest common factor of 15 and k.
15
Let n = -70 - -15